-2?
83
Let n be (3 + -1*92/16)*-64. Suppose -n = -3*l - 41. Suppose -l = 4*y - 5*y - 3*i, 4*i = 2*y - 40. What is the remainder when y is divided by 8?
6
Suppose 2*t + 13*b - 3*b - 11*b = 412, 0 = -9*b - 72. What is the remainder when t is divided by (-843)/(-12) - 1/4?
62
Let t(d) = 9*d**2 + 298*d + 39. Let k be t(-33). Suppose 0 = 5*w + 16 - 86. Suppose -w*j = -k*j - 432. Calculate the remainder when j is divided by 11.
10
Suppose 2*f = a + 2*a + 33, -a = -3*f + 46. Let i be f*(-1 - (-3)/5). What is the remainder when i*(-2 - 16/6) is divided by 10?
8
Suppose 20*y - 14162 - 14630 = -2632. What is the remainder when y is divided by 4?
0
Suppose o = -2*o + 492. Suppose -3949*v + 1540 = -3921*v. Calculate the remainder when o is divided by v.
54
Let p(s) = 5*s + 107. Let j be (-1)/((-15)/(-2)) + (-736)/(-120). What is the remainder when p(j) is divided by 14?
11
Let x(c) = -9*c**3 - 7*c**2 - 4*c + 41. Let b(u) = 4*u**3 + 3*u**2 + 2*u - 20. Let a(o) = -5*b(o) - 2*x(o). What is the remainder when 211 is divided by a(0)?
13
Suppose -4*w + 38 = -30. Let v be -1*(-3 + -2 + 2). Suppose -5*s + 48 = v*s. Calculate the remainder when w is divided by s.
5
Calculate the remainder when 6315 is divided by 14/63 - 79/(-9).
6
Let b(l) = -2*l + 14. Let t be b(6). Suppose 0 = -3*j + t + 16. Let p(r) = r**2 + 5*r - 2. What is the remainder when p(3) is divided by j?
4
Let o(h) = 4*h - 27. Let i be 2 - -7 - (12 - 0)/(-3). Let q(g) = 8*g - 53. Let u(v) = i*o(v) - 6*q(v). Calculate the remainder when 91 is divided by u(16).
29
Let s(r) = -13*r - 20*r + 5 + 1114*r**2 - 2*r - 1116*r**2. What is the remainder when s(-11) is divided by 6?
4
Let w(z) = z**3 - 20*z**2 + 20*z - 1. Let o be w(19). Suppose 2015 = -5*n + o*n. Suppose 5*y = 119 + 141. Calculate the remainder when n is divided by y.
51
Suppose 2*x - 18768 = y, -y + 17582 = 3*x - 10565. What is the remainder when x is divided by 12?
11
Let s(n) = -n**2 + 34*n + 671. What is the remainder when s(42) is divided by 42?
41
Let v(g) = -4*g**3 + 37*g**2 - 12*g + 11. What is the remainder when v(5) is divided by 129?
118
Suppose -o - 448 = -447. Calculate the remainder when (o/(-2) + 12/(-8))*-74 is divided by 13.
9
Let t be 14*(-5)/10*(-1)/1. Let l be 32 - t/(-1) - (4 + 0). Suppose r - 3*u - 36 = l, 3*u = -4*r + 209. What is the remainder when r is divided by 15?
11
Calculate the remainder when -44*(-6 - (-78)/(-16))/((-12)/(-304)) is divided by 97.
94
Suppose 5*s + 2 + 28 = 0. Let v be 238/4 - 4 - 3/s. Suppose -l = t - 7 - 12, -4*t = 3*l - v. What is the remainder when 77 is divided by l?
17
Suppose -679 = -4*h + b, 3*h = b + 108 + 401. Let d = 191 - h. Calculate the remainder when 24 is divided by d.
3
Let v be (58/8)/((23 - 14)/252). Suppose -3*a + 5*s + v = 0, 32 = -3*a + 2*s + 250. What is the remainder when a is divided by 42?
34
Suppose -4*x = -2*v + 1840, -6*x + 3 = -9*x. Suppose 38*g = 36*g + v. What is the remainder when g is divided by 20?
19
What is the remainder when 11316/161 - -2*(-5)/35 is divided by 12/(-54) + 411/27?
10
Suppose 17*f = 704 + 27. Let k(t) = 13*t - 43. What is the remainder when k(f) is divided by 47?
46
Let j = -2932 + 3482. Calculate the remainder when j is divided by 54.
10
Suppose -58 + 13 = 5*q. Let k be (-3567)/1107 - 6/(-27). Calculate the remainder when q/k + (-3 - -25) is divided by 16.
9
Let u = 19211 + -19121. What is the remainder when 1365 is divided by u?
15
Let k(i) = -2*i**3 + 7*i**2 - 16*i - 17. Let x be k(6). Let c = x + 324. What is the remainder when 56 is divided by c?
25
Let x(w) = 19*w**3 + 4*w**2 - 3*w - 1. Let f be x(1). Suppose 24*y = f*y + 185. What is the remainder when y is divided by 23?
14
Let c(h) = 2*h**2 + 5*h - 2. Suppose 117*l - 113*l = 620. What is the remainder when l is divided by c(-5)?
17
Suppose 8*r - 494 = -190. What is the remainder when ((-6)/18)/((-3)/(-9))*-149 is divided by r?
35
Let w(z) = 3*z**2 + z + 1. Let k be w(-1). Suppose -k*l = -4*o - 680, 73 = -5*l + 2*o + 1211. What is the remainder when l is divided by 21?
18
Suppose 787 = -0*f - 3*f + 5*a, -5*a = -4*f - 1041. Let x = f - -376. What is the remainder when x is divided by 42?
38
Suppose 2010*p = 1992*p + 62658. Calculate the remainder when p is divided by 1160.
1
Let y(r) = 10*r - 16. Let a be y(7). Suppose a = 5*d + 2*s, -8*d - 3*s = -12*d + 34. What is the remainder when 77 is divided by d?
7
Let r(d) = 3*d**3 - 6*d**2 + d + 378. Calculate the remainder when r(10) is divided by 82.
0
Suppose f = -2*r + 637, 3*f + 13 = 4. Suppose -r = -31*s + 23*s. What is the remainder when s is divided by 29?
11
Let r(z) = 7*z**2 + 3*z. Suppose 3*n - 39 = 15. Suppose -j + n*x - 15*x + 27 = 0, -5*x + 25 = 3*j. What is the remainder when r(3) is divided by j?
12
Let i = -1946 + 2085. Calculate the remainder when 434 is divided by i.
17
Let c = 823 + -742. Let f = c + -75. Let j(u) = -2*u**3 - 4*u**2 - u + 1. What is the remainder when j(-3) is divided by f?
4
Suppose 0 = 2*p - 7*p + 15, 0 = 2*s + p - 29. Let h = 4838 + -4778. What is the remainder when h is divided by s?
8
Suppose -97*p + 95*p + 24 = 0. Suppose 153 - 981 = -p*n. Calculate the remainder when n is divided by (-2)/8 + (-49)/(-4).
9
Let v(g) = 5*g**2 - 48*g - 29. Let o(z) = -11*z**2 + 98*z + 61. Let w(l) = 6*o(l) + 13*v(l). What is the remainder when w(-29) is divided by 22?
16
Calculate the remainder when ((-202)/5)/((2 + 57/(-30))*-2) is divided by 34.
32
Let g(w) = w**2 + 7*w - 44. Calculate the remainder when (0 - -17*5) + (50 - 52) is divided by g(-12).
3
Let y = 8445 + -5928. Calculate the remainder when y is divided by 9.
6
Let f = -158734 - -158765. Let m = 15 + 74. Calculate the remainder when m is divided by f.
27
Calculate the remainder when 111 is divided by (28462/(-642))/(14/(-12)).
35
Let o(f) = -f**2 + 9*f + 16. Let i be o(-7). Let t = i + 284. Suppose 4*g + 0*g = t. What is the remainder when 139 is divided by g?
45
Let c(w) = -8908*w**2 - 12*w + 18. Let u be c(3). What is the remainder when (4/6)/((-9)/(u/20)) is divided by 23?
21
Let y(o) = -107*o - 86. Let i be y(-8). Let p = i - 756. Calculate the remainder when 37 is divided by p.
9
Let d(z) = 55*z - 860. Calculate the remainder when d(19) is divided by 173.
12
Let g = -568 + 841. Calculate the remainder when 828 is divided by g.
9
Let l(m) = 407*m + 1716. What is the remainder when 374 is divided by l(-4)?
22
Let i(l) = 184*l + 24. Let b be i(-6). Let a = -405 - b. Suppose -65 = -10*k + a. Calculate the remainder when k is divided by 19.
17
Let a = 476 - 411. Suppose 312 = a*m - 57*m. What is the remainder when 38/6*9*2 is divided by m?
36
Let g = 475 - 475. Suppose -z - 5*i - 5 = g, -6*z = -5*z + i - 3. Calculate the remainder when ((-34)/(-6))/(2/6) is divided by z.
2
Suppose -3*u - 5 - 5 = -r, 5*r - u - 22 = 0. Suppose 4*c + 0*g - 392 = -4*g, 0 = -r*c - 2*g + 384. What is the remainder when c is divided by 25?
19
Let q(u) = -u + 10. Suppose 11*z + 79 = 739. Let g = z - 52. Calculate the remainder when g is divided by q(7).
2
What is the remainder when 1457 is divided by (-1 - 3)/(192/(-17376))?
9
Let s = -54 - -62. Suppose 2*g - 180 = -s*g. Calculate the remainder when g is divided by 11.
7
Suppose 5*p = 3*p + 2. Let k(c) be the first derivative of 39*c**4/4 - 4*c**3/3 + c**2/2 + 2*c + 1843. What is the remainder when 148 is divided by k(p)?
34
Suppose -160*t = -93*t - 6164. What is the remainder when t is divided by 2?
0
Let o be (-2)/3*(28 + -15 - 7). Suppose -3*q + 5*y - 16 = -0*y, 0 = -4*q + 5*y - 18. What is the remainder when 32 is divided by 2/((o/13)/q)?
6
What is the remainder when 662 is divided by (42/35)/(15/((-56175)/(-14)))?
20
Let g(d) = -d**3 + 85. Suppose -5*n + 2*w + 80 = 0, 4*n + 5*w - 66 = 31. Let l(u) = 24*u - 410. What is the remainder when g(0) is divided by l(n)?
19
Suppose -29 = b - 4*d, -2*b - 20 = 3*b + 5*d. Suppose 5*m = -2*s + 105 + 95, -185 = -5*m + s. What is the remainder when m is divided by -3*(-6)/9 + (-1 - b)?
8
Suppose -46007 = 837*x - 854*x - 13690. What is the remainder when x is divided by 173?
171
Let m(v) = -19*v + v**2 + v**3 + 320 - 603 + 289. Let z = 8 + -3. Calculate the remainder when m(z) is divided by 9.
7
Suppose 0 = -285*s + 271*s + 4620. What is the remainder when s is divided by 25?
5
Suppose -111*m